{"id":10127,"date":"2025-10-15T19:26:18","date_gmt":"2025-10-15T19:26:18","guid":{"rendered":"https:\/\/www.sunmarineibiza.com\/semirrigidas-ibiza\/"},"modified":"2025-10-29T16:29:13","modified_gmt":"2025-10-29T16:29:13","slug":"semi-rigides-ibiza","status":"publish","type":"page","link":"https:\/\/www.sunmarineibiza.com\/fr\/semi-rigides-ibiza\/","title":{"rendered":"Location de semi-rigides (RIB) \u00e0 Ibiza"},"content":{"rendered":"","protected":false},"excerpt":{"rendered":"","protected":false},"author":1,"featured_media":1236,"parent":0,"menu_order":0,"comment_status":"closed","ping_status":"closed","template":"sunmarine_buscar_en_titulo_semirrigidas.php","meta":{"_acf_changed":false,"footnotes":""},"class_list":["post-10127","page","type-page","status-publish","has-post-thumbnail","hentry"],"acf":[],"yoast_head":"<!-- This site is optimized with the Yoast SEO plugin v27.4 - https:\/\/yoast.com\/product\/yoast-seo-wordpress\/ -->\n<title>Semi-rigides (RIB) en location \u00e0 Ibiza | SunMarine<\/title>\n<meta name=\"description\" content=\"Acc\u00e8s aux criques peu profondes. Formentera \u00e0 25\u201335 min. Avec ou sans skipper selon le mod\u00e8le.\" \/>\n<meta name=\"robots\" content=\"index, follow, max-snippet:-1, max-image-preview:large, max-video-preview:-1\" \/>\n<link rel=\"canonical\" href=\"https:\/\/www.sunmarineibiza.com\/fr\/semi-rigides-ibiza\/\" \/>\n<meta property=\"og:locale\" content=\"fr_FR\" \/>\n<meta property=\"og:type\" content=\"article\" \/>\n<meta property=\"og:title\" content=\"Semi-rigides (RIB) en location \u00e0 Ibiza | SunMarine\" \/>\n<meta property=\"og:description\" content=\"Acc\u00e8s aux criques peu profondes. Formentera \u00e0 25\u201335 min. Avec ou sans skipper selon le mod\u00e8le.\" \/>\n<meta property=\"og:url\" content=\"https:\/\/www.sunmarineibiza.com\/fr\/semi-rigides-ibiza\/\" \/>\n<meta property=\"og:site_name\" content=\"SunMarine\u00ae Ibiza\" \/>\n<meta property=\"article:publisher\" content=\"https:\/\/www.facebook.com\/ibizasunmarine\/\" \/>\n<meta property=\"article:modified_time\" content=\"2025-10-29T16:29:13+00:00\" \/>\n<meta property=\"og:image\" content=\"https:\/\/www.sunmarineibiza.com\/wp-content\/uploads\/2022\/04\/rental-rib-capelli-tempest-850-amalie-bareboat-jpeg\" \/>\n\t<meta property=\"og:image:width\" content=\"1920\" \/>\n\t<meta property=\"og:image:height\" content=\"1080\" \/>\n\t<meta property=\"og:image:type\" content=\"image\/jpeg\" \/>\n<meta name=\"twitter:card\" content=\"summary_large_image\" \/>\n<meta name=\"twitter:title\" content=\"Semi-rigides (RIB) en location \u00e0 Ibiza | SunMarine\" \/>\n<meta name=\"twitter:description\" content=\"Acc\u00e8s aux criques peu profondes. Formentera \u00e0 25\u201335 min. Avec ou sans skipper selon le mod\u00e8le.\" \/>\n<meta name=\"twitter:image\" content=\"https:\/\/www.sunmarineibiza.com\/wp-content\/uploads\/2022\/04\/rental-rib-capelli-tempest-850-amalie-bareboat-jpeg\" \/>\n<meta name=\"twitter:site\" content=\"@SunMarineIbiza\" \/>\n<meta name=\"twitter:label1\" content=\"Dur\u00e9e de lecture estim\u00e9e\" \/>\n\t<meta name=\"twitter:data1\" content=\"1 minute\" \/>\n<script type=\"application\/ld+json\" class=\"yoast-schema-graph\">{\"@context\":\"https:\\\/\\\/schema.org\",\"@graph\":[{\"@type\":\"WebPage\",\"@id\":\"https:\\\/\\\/www.sunmarineibiza.com\\\/fr\\\/semi-rigides-ibiza\\\/\",\"url\":\"https:\\\/\\\/www.sunmarineibiza.com\\\/fr\\\/semi-rigides-ibiza\\\/\",\"name\":\"Semi-rigides (RIB) en location \u00e0 Ibiza | SunMarine\",\"isPartOf\":{\"@id\":\"https:\\\/\\\/www.sunmarineibiza.com\\\/fr\\\/#website\"},\"primaryImageOfPage\":{\"@id\":\"https:\\\/\\\/www.sunmarineibiza.com\\\/fr\\\/semi-rigides-ibiza\\\/#primaryimage\"},\"image\":{\"@id\":\"https:\\\/\\\/www.sunmarineibiza.com\\\/fr\\\/semi-rigides-ibiza\\\/#primaryimage\"},\"thumbnailUrl\":\"https:\\\/\\\/www.sunmarineibiza.com\\\/wp-content\\\/uploads\\\/2022\\\/04\\\/rental-rib-capelli-tempest-850-amalie-bareboat-jpeg-1\",\"datePublished\":\"2025-10-15T19:26:18+00:00\",\"dateModified\":\"2025-10-29T16:29:13+00:00\",\"description\":\"Acc\u00e8s aux criques peu profondes. Formentera \u00e0 25\u201335 min. Avec ou sans skipper selon le mod\u00e8le.\",\"breadcrumb\":{\"@id\":\"https:\\\/\\\/www.sunmarineibiza.com\\\/fr\\\/semi-rigides-ibiza\\\/#breadcrumb\"},\"inLanguage\":\"fr-FR\",\"potentialAction\":[{\"@type\":\"ReadAction\",\"target\":[\"https:\\\/\\\/www.sunmarineibiza.com\\\/fr\\\/semi-rigides-ibiza\\\/\"]}]},{\"@type\":\"ImageObject\",\"inLanguage\":\"fr-FR\",\"@id\":\"https:\\\/\\\/www.sunmarineibiza.com\\\/fr\\\/semi-rigides-ibiza\\\/#primaryimage\",\"url\":\"https:\\\/\\\/www.sunmarineibiza.com\\\/wp-content\\\/uploads\\\/2022\\\/04\\\/rental-rib-capelli-tempest-850-amalie-bareboat-jpeg-1\",\"contentUrl\":\"https:\\\/\\\/www.sunmarineibiza.com\\\/wp-content\\\/uploads\\\/2022\\\/04\\\/rental-rib-capelli-tempest-850-amalie-bareboat-jpeg-1\",\"width\":1920,\"height\":1080,\"caption\":\"Location semi-rigide Capelli Tempest 850 Amalie sans skipper\"},{\"@type\":\"BreadcrumbList\",\"@id\":\"https:\\\/\\\/www.sunmarineibiza.com\\\/fr\\\/semi-rigides-ibiza\\\/#breadcrumb\",\"itemListElement\":[{\"@type\":\"ListItem\",\"position\":1,\"name\":\"Inicio\",\"item\":\"https:\\\/\\\/www.sunmarineibiza.com\\\/fr\\\/\"},{\"@type\":\"ListItem\",\"position\":2,\"name\":\"Location de semi-rigides (RIB) \u00e0 Ibiza\"}]},{\"@type\":\"WebSite\",\"@id\":\"https:\\\/\\\/www.sunmarineibiza.com\\\/fr\\\/#website\",\"url\":\"https:\\\/\\\/www.sunmarineibiza.com\\\/fr\\\/\",\"name\":\"SunMarine\u00ae Ibiza\",\"description\":\"Agence de Location &amp; Vente de Bateaux &amp; Yachts depuis 1997\",\"publisher\":{\"@id\":\"https:\\\/\\\/www.sunmarineibiza.com\\\/fr\\\/#organization\"},\"potentialAction\":[{\"@type\":\"SearchAction\",\"target\":{\"@type\":\"EntryPoint\",\"urlTemplate\":\"https:\\\/\\\/www.sunmarineibiza.com\\\/fr\\\/?s={search_term_string}\"},\"query-input\":{\"@type\":\"PropertyValueSpecification\",\"valueRequired\":true,\"valueName\":\"search_term_string\"}}],\"inLanguage\":\"fr-FR\"},{\"@type\":\"Organization\",\"@id\":\"https:\\\/\\\/www.sunmarineibiza.com\\\/fr\\\/#organization\",\"name\":\"SunMarine\u00ae Ibiza\",\"url\":\"https:\\\/\\\/www.sunmarineibiza.com\\\/fr\\\/\",\"logo\":{\"@type\":\"ImageObject\",\"inLanguage\":\"fr-FR\",\"@id\":\"https:\\\/\\\/www.sunmarineibiza.com\\\/fr\\\/#\\\/schema\\\/logo\\\/image\\\/\",\"url\":\"https:\\\/\\\/www.sunmarineibiza.com\\\/wp-content\\\/uploads\\\/2022\\\/04\\\/logo-sunmarine.png\",\"contentUrl\":\"https:\\\/\\\/www.sunmarineibiza.com\\\/wp-content\\\/uploads\\\/2022\\\/04\\\/logo-sunmarine.png\",\"width\":198,\"height\":100,\"caption\":\"SunMarine\u00ae Ibiza\"},\"image\":{\"@id\":\"https:\\\/\\\/www.sunmarineibiza.com\\\/fr\\\/#\\\/schema\\\/logo\\\/image\\\/\"},\"sameAs\":[\"https:\\\/\\\/www.facebook.com\\\/ibizasunmarine\\\/\",\"https:\\\/\\\/x.com\\\/SunMarineIbiza\",\"https:\\\/\\\/www.instagram.com\\\/sunmarineibiza\\\/\",\"https:\\\/\\\/www.youtube.com\\\/user\\\/SunMarineIbiza1\"]}]}<\/script>\n<!-- \/ Yoast SEO plugin. -->","yoast_head_json":{"title":"Semi-rigides (RIB) en location \u00e0 Ibiza | SunMarine","description":"Acc\u00e8s aux criques peu profondes. Formentera \u00e0 25\u201335 min. Avec ou sans skipper selon le mod\u00e8le.","robots":{"index":"index","follow":"follow","max-snippet":"max-snippet:-1","max-image-preview":"max-image-preview:large","max-video-preview":"max-video-preview:-1"},"canonical":"https:\/\/www.sunmarineibiza.com\/fr\/semi-rigides-ibiza\/","og_locale":"fr_FR","og_type":"article","og_title":"Semi-rigides (RIB) en location \u00e0 Ibiza | SunMarine","og_description":"Acc\u00e8s aux criques peu profondes. Formentera \u00e0 25\u201335 min. Avec ou sans skipper selon le mod\u00e8le.","og_url":"https:\/\/www.sunmarineibiza.com\/fr\/semi-rigides-ibiza\/","og_site_name":"SunMarine\u00ae Ibiza","article_publisher":"https:\/\/www.facebook.com\/ibizasunmarine\/","article_modified_time":"2025-10-29T16:29:13+00:00","og_image":[{"width":1920,"height":1080,"url":"https:\/\/www.sunmarineibiza.com\/wp-content\/uploads\/2022\/04\/rental-rib-capelli-tempest-850-amalie-bareboat-jpeg","type":"image\/jpeg"}],"twitter_card":"summary_large_image","twitter_title":"Semi-rigides (RIB) en location \u00e0 Ibiza | SunMarine","twitter_description":"Acc\u00e8s aux criques peu profondes. Formentera \u00e0 25\u201335 min. Avec ou sans skipper selon le mod\u00e8le.","twitter_image":"https:\/\/www.sunmarineibiza.com\/wp-content\/uploads\/2022\/04\/rental-rib-capelli-tempest-850-amalie-bareboat-jpeg","twitter_site":"@SunMarineIbiza","twitter_misc":{"Dur\u00e9e de lecture estim\u00e9e":"1 minute"},"schema":{"@context":"https:\/\/schema.org","@graph":[{"@type":"WebPage","@id":"https:\/\/www.sunmarineibiza.com\/fr\/semi-rigides-ibiza\/","url":"https:\/\/www.sunmarineibiza.com\/fr\/semi-rigides-ibiza\/","name":"Semi-rigides (RIB) en location \u00e0 Ibiza | SunMarine","isPartOf":{"@id":"https:\/\/www.sunmarineibiza.com\/fr\/#website"},"primaryImageOfPage":{"@id":"https:\/\/www.sunmarineibiza.com\/fr\/semi-rigides-ibiza\/#primaryimage"},"image":{"@id":"https:\/\/www.sunmarineibiza.com\/fr\/semi-rigides-ibiza\/#primaryimage"},"thumbnailUrl":"https:\/\/www.sunmarineibiza.com\/wp-content\/uploads\/2022\/04\/rental-rib-capelli-tempest-850-amalie-bareboat-jpeg-1","datePublished":"2025-10-15T19:26:18+00:00","dateModified":"2025-10-29T16:29:13+00:00","description":"Acc\u00e8s aux criques peu profondes. Formentera \u00e0 25\u201335 min. Avec ou sans skipper selon le mod\u00e8le.","breadcrumb":{"@id":"https:\/\/www.sunmarineibiza.com\/fr\/semi-rigides-ibiza\/#breadcrumb"},"inLanguage":"fr-FR","potentialAction":[{"@type":"ReadAction","target":["https:\/\/www.sunmarineibiza.com\/fr\/semi-rigides-ibiza\/"]}]},{"@type":"ImageObject","inLanguage":"fr-FR","@id":"https:\/\/www.sunmarineibiza.com\/fr\/semi-rigides-ibiza\/#primaryimage","url":"https:\/\/www.sunmarineibiza.com\/wp-content\/uploads\/2022\/04\/rental-rib-capelli-tempest-850-amalie-bareboat-jpeg-1","contentUrl":"https:\/\/www.sunmarineibiza.com\/wp-content\/uploads\/2022\/04\/rental-rib-capelli-tempest-850-amalie-bareboat-jpeg-1","width":1920,"height":1080,"caption":"Location semi-rigide Capelli Tempest 850 Amalie sans skipper"},{"@type":"BreadcrumbList","@id":"https:\/\/www.sunmarineibiza.com\/fr\/semi-rigides-ibiza\/#breadcrumb","itemListElement":[{"@type":"ListItem","position":1,"name":"Inicio","item":"https:\/\/www.sunmarineibiza.com\/fr\/"},{"@type":"ListItem","position":2,"name":"Location de semi-rigides (RIB) \u00e0 Ibiza"}]},{"@type":"WebSite","@id":"https:\/\/www.sunmarineibiza.com\/fr\/#website","url":"https:\/\/www.sunmarineibiza.com\/fr\/","name":"SunMarine\u00ae Ibiza","description":"Agence de Location &amp; Vente de Bateaux &amp; Yachts depuis 1997","publisher":{"@id":"https:\/\/www.sunmarineibiza.com\/fr\/#organization"},"potentialAction":[{"@type":"SearchAction","target":{"@type":"EntryPoint","urlTemplate":"https:\/\/www.sunmarineibiza.com\/fr\/?s={search_term_string}"},"query-input":{"@type":"PropertyValueSpecification","valueRequired":true,"valueName":"search_term_string"}}],"inLanguage":"fr-FR"},{"@type":"Organization","@id":"https:\/\/www.sunmarineibiza.com\/fr\/#organization","name":"SunMarine\u00ae Ibiza","url":"https:\/\/www.sunmarineibiza.com\/fr\/","logo":{"@type":"ImageObject","inLanguage":"fr-FR","@id":"https:\/\/www.sunmarineibiza.com\/fr\/#\/schema\/logo\/image\/","url":"https:\/\/www.sunmarineibiza.com\/wp-content\/uploads\/2022\/04\/logo-sunmarine.png","contentUrl":"https:\/\/www.sunmarineibiza.com\/wp-content\/uploads\/2022\/04\/logo-sunmarine.png","width":198,"height":100,"caption":"SunMarine\u00ae Ibiza"},"image":{"@id":"https:\/\/www.sunmarineibiza.com\/fr\/#\/schema\/logo\/image\/"},"sameAs":["https:\/\/www.facebook.com\/ibizasunmarine\/","https:\/\/x.com\/SunMarineIbiza","https:\/\/www.instagram.com\/sunmarineibiza\/","https:\/\/www.youtube.com\/user\/SunMarineIbiza1"]}]}},"_links":{"self":[{"href":"https:\/\/www.sunmarineibiza.com\/fr\/wp-json\/wp\/v2\/pages\/10127","targetHints":{"allow":["GET"]}}],"collection":[{"href":"https:\/\/www.sunmarineibiza.com\/fr\/wp-json\/wp\/v2\/pages"}],"about":[{"href":"https:\/\/www.sunmarineibiza.com\/fr\/wp-json\/wp\/v2\/types\/page"}],"author":[{"embeddable":true,"href":"https:\/\/www.sunmarineibiza.com\/fr\/wp-json\/wp\/v2\/users\/1"}],"replies":[{"embeddable":true,"href":"https:\/\/www.sunmarineibiza.com\/fr\/wp-json\/wp\/v2\/comments?post=10127"}],"version-history":[{"count":1,"href":"https:\/\/www.sunmarineibiza.com\/fr\/wp-json\/wp\/v2\/pages\/10127\/revisions"}],"predecessor-version":[{"id":10132,"href":"https:\/\/www.sunmarineibiza.com\/fr\/wp-json\/wp\/v2\/pages\/10127\/revisions\/10132"}],"wp:featuredmedia":[{"embeddable":true,"href":"https:\/\/www.sunmarineibiza.com\/fr\/wp-json\/wp\/v2\/media\/1236"}],"wp:attachment":[{"href":"https:\/\/www.sunmarineibiza.com\/fr\/wp-json\/wp\/v2\/media?parent=10127"}],"curies":[{"name":"wp","href":"https:\/\/api.w.org\/{rel}","templated":true}]}}

Location de semi-rigides (RIB) à Ibiza

<!-- This site is optimized with the Yoast SEO plugin v27.4 - https://yoast.com/product/yoast-seo-wordpress/ -->
<title>Semi-rigides (RIB) en location à Ibiza | SunMarine</title>
<meta name="description" content="Accès aux criques peu profondes. Formentera à 25–35 min. Avec ou sans skipper selon le modèle." />
<meta name="robots" content="index, follow, max-snippet:-1, max-image-preview:large, max-video-preview:-1" />
<link rel="canonical" href="https://www.sunmarineibiza.com/fr/semi-rigides-ibiza/" />
<meta property="og:locale" content="fr_FR" />
<meta property="og:type" content="article" />
<meta property="og:title" content="Semi-rigides (RIB) en location à Ibiza | SunMarine" />
<meta property="og:description" content="Accès aux criques peu profondes. Formentera à 25–35 min. Avec ou sans skipper selon le modèle." />
<meta property="og:url" content="https://www.sunmarineibiza.com/fr/semi-rigides-ibiza/" />
<meta property="og:site_name" content="SunMarine® Ibiza" />
<meta property="article:publisher" content="https://www.facebook.com/ibizasunmarine/" />
<meta property="article:modified_time" content="2025-10-29T16:29:13+00:00" />
<meta property="og:image" content="https://www.sunmarineibiza.com/wp-content/uploads/2022/04/rental-rib-capelli-tempest-850-amalie-bareboat-jpeg" />
	<meta property="og:image:width" content="1920" />
	<meta property="og:image:height" content="1080" />
	<meta property="og:image:type" content="image/jpeg" />
<meta name="twitter:card" content="summary_large_image" />
<meta name="twitter:title" content="Semi-rigides (RIB) en location à Ibiza | SunMarine" />
<meta name="twitter:description" content="Accès aux criques peu profondes. Formentera à 25–35 min. Avec ou sans skipper selon le modèle." />
<meta name="twitter:image" content="https://www.sunmarineibiza.com/wp-content/uploads/2022/04/rental-rib-capelli-tempest-850-amalie-bareboat-jpeg" />
<meta name="twitter:site" content="@SunMarineIbiza" />
<meta name="twitter:label1" content="Durée de lecture estimée" />
	<meta name="twitter:data1" content="1 minute" />
<script type="application/ld+json" class="yoast-schema-graph">{"@context":"https:\/\/schema.org","@graph":[{"@type":"WebPage","@id":"https:\/\/www.sunmarineibiza.com\/fr\/semi-rigides-ibiza\/","url":"https:\/\/www.sunmarineibiza.com\/fr\/semi-rigides-ibiza\/","name":"Semi-rigides (RIB) en location à Ibiza | SunMarine","isPartOf":{"@id":"https:\/\/www.sunmarineibiza.com\/fr\/#website"},"primaryImageOfPage":{"@id":"https:\/\/www.sunmarineibiza.com\/fr\/semi-rigides-ibiza\/#primaryimage"},"image":{"@id":"https:\/\/www.sunmarineibiza.com\/fr\/semi-rigides-ibiza\/#primaryimage"},"thumbnailUrl":"https:\/\/www.sunmarineibiza.com\/wp-content\/uploads\/2022\/04\/rental-rib-capelli-tempest-850-amalie-bareboat-jpeg-1","datePublished":"2025-10-15T19:26:18+00:00","dateModified":"2025-10-29T16:29:13+00:00","description":"Accès aux criques peu profondes. Formentera à 25–35 min. Avec ou sans skipper selon le modèle.","breadcrumb":{"@id":"https:\/\/www.sunmarineibiza.com\/fr\/semi-rigides-ibiza\/#breadcrumb"},"inLanguage":"fr-FR","potentialAction":[{"@type":"ReadAction","target":["https:\/\/www.sunmarineibiza.com\/fr\/semi-rigides-ibiza\/"]}]},{"@type":"ImageObject","inLanguage":"fr-FR","@id":"https:\/\/www.sunmarineibiza.com\/fr\/semi-rigides-ibiza\/#primaryimage","url":"https:\/\/www.sunmarineibiza.com\/wp-content\/uploads\/2022\/04\/rental-rib-capelli-tempest-850-amalie-bareboat-jpeg-1","contentUrl":"https:\/\/www.sunmarineibiza.com\/wp-content\/uploads\/2022\/04\/rental-rib-capelli-tempest-850-amalie-bareboat-jpeg-1","width":1920,"height":1080,"caption":"Location semi-rigide Capelli Tempest 850 Amalie sans skipper"},{"@type":"BreadcrumbList","@id":"https:\/\/www.sunmarineibiza.com\/fr\/semi-rigides-ibiza\/#breadcrumb","itemListElement":[{"@type":"ListItem","position":1,"name":"Inicio","item":"https:\/\/www.sunmarineibiza.com\/fr\/"},{"@type":"ListItem","position":2,"name":"Location de semi-rigides (RIB) à Ibiza"}]},{"@type":"WebSite","@id":"https:\/\/www.sunmarineibiza.com\/fr\/#website","url":"https:\/\/www.sunmarineibiza.com\/fr\/","name":"SunMarine® Ibiza","description":"Agence de Location &amp; Vente de Bateaux &amp; Yachts depuis 1997","publisher":{"@id":"https:\/\/www.sunmarineibiza.com\/fr\/#organization"},"potentialAction":[{"@type":"SearchAction","target":{"@type":"EntryPoint","urlTemplate":"https:\/\/www.sunmarineibiza.com\/fr\/?s={search_term_string}"},"query-input":{"@type":"PropertyValueSpecification","valueRequired":true,"valueName":"search_term_string"}}],"inLanguage":"fr-FR"},{"@type":"Organization","@id":"https:\/\/www.sunmarineibiza.com\/fr\/#organization","name":"SunMarine® Ibiza","url":"https:\/\/www.sunmarineibiza.com\/fr\/","logo":{"@type":"ImageObject","inLanguage":"fr-FR","@id":"https:\/\/www.sunmarineibiza.com\/fr\/#\/schema\/logo\/image\/","url":"https:\/\/www.sunmarineibiza.com\/wp-content\/uploads\/2022\/04\/logo-sunmarine.png","contentUrl":"https:\/\/www.sunmarineibiza.com\/wp-content\/uploads\/2022\/04\/logo-sunmarine.png","width":198,"height":100,"caption":"SunMarine® Ibiza"},"image":{"@id":"https:\/\/www.sunmarineibiza.com\/fr\/#\/schema\/logo\/image\/"},"sameAs":["https:\/\/www.facebook.com\/ibizasunmarine\/","https:\/\/x.com\/SunMarineIbiza","https:\/\/www.instagram.com\/sunmarineibiza\/","https:\/\/www.youtube.com\/user\/SunMarineIbiza1"]}]}</script>
<!-- / Yoast SEO plugin. -->

Semi-rigides (RIB) en location à Ibiza | SunMarine

Accès aux criques peu profondes. Formentera à 25–35 min. Avec ou sans skipper selon le modèle.
